{"id":212,"date":"2017-08-11T16:39:31","date_gmt":"2017-08-11T16:39:31","guid":{"rendered":"http:\/\/www.kreisfeuerwehrverband-oberberg.de\/?page_id=212"},"modified":"2019-09-15T16:20:21","modified_gmt":"2019-09-15T16:20:21","slug":"ausbildung","status":"publish","type":"page","link":"https:\/\/www.kreisfeuerwehrverband-oberberg.de\/?page_id=212","title":{"rendered":"Ausbildung"},"content":{"rendered":"\n<p>Nach der Grundausbildung auf Gemeindeebene ,sowie dem Sprechfunker- Lehrgang&nbsp;beginnt die Fortbildung auf Kreisebene. Neben dem ersten F\u00fchrungs-Lehrgang im Feuerwehrdienst, bieten wir diverse Fachlehrg\u00e4nge an. Zu jedem Lehrgang gibt es einen Lehrgangsleiter, welcher von einem Team Ausbildern unterst\u00fctzt wird. Jeder Lehrgang oder Seminar endet mit einer Erfolgskontrolle.<\/p>\nBei gen\u00fcgend Teilnehmern findet der PSU- Helfer sowie ein IUK- Lehrgang statt. Die&nbsp;Ehrenamtlich t\u00e4tigen Ausbilder&nbsp;geben ihr Wissen und ihre Erfahrung an die Nachwuchskr\u00e4fte weiter.Die Lehrgangsinhalte werden durch die Feuerwehr Dienstvorschrift 2\/2 ( FWDV) vorgegeben, so da\u00df die Ausbildung einheitlich ist.\n\t<ul>\n\t\t<li><h3>Zurzeit werden folgende Lehrg\u00e4nge angeboten<\/h3><p>Die Lehrgangsteilnahme erfordert entsprechenden Voraussetzungen.<\/p><\/li><li>\t\t\t\t\n\t\t<h3>Sprechfunker<\/h3><p>Lehrgangsleiter Dennis Doepp<br> ( FF Reichshof )<em>W\u00e4hrend der Ausbildung zum Sprechfunker lernt man die neue Technik des Digitalfunk kennen, die richtige Bedienung der Ger\u00e4te sowie das richtige Verhalten beim Funken.<\/em><\/p><\/li><li>\t\t\t\t\n\t\t<h3>ABC I <\/h3><p>Lehrgangsleiter Mathias Nies<br>( FF Marienheide )<em>Ziel dieses Lehrgang ist, das die Teilnehmer die Sonderausr\u00fcstung in einem ABC- Einsatz bedienen bzw tragen k\u00f6nnen. Dieses beinhaltet nicht nur das tragen eines Chemikalien- Schutzanzug ( CSA ), sondern auch die Recherche bez\u00fcglich des vorgefundenen Stoffes oder der Aufbau von Spezialpumpen.<\/em><\/p><\/li><li>\t\t\t\t\n\t\t<h3>Maschinist<\/h3><p>Lehrgangsleiter &nbsp;Stefan Brand<br>( FF Bergneustadt )<em>Ziel des Lehrgang ist es, das die Teilnehmer die Pumpen sowie Agregate bedienen k\u00f6nnen und im Bedarfsfall auftretende Probleme l\u00f6sen k\u00f6nnen. Au\u00dferdem erhalten sie Verhaltenshinweise f\u00fcr Alarmfahrten.<\/em><\/p><\/li><li>\t\t\t\t\n\t\t<h3>Maschinist (Fortbildung)<\/h3><p>Lehrgangsleiter &nbsp;Mathias Schneider<br>( FF Morsbach )<em>Aufbauend auf der Maschinisten Ausbildung, wird hier noch mehr ins Detail gegangen. Reibungsverluste, Druckverluste und Durchflussmengen k\u00f6nnen gerade im Oberbergischen zu Problemen f\u00fchren. Damit dieses im Einsatzfall nicht passiert wird auf diese drei Punkte verst\u00e4rkt geachtet.<\/em><\/p><\/li><li>\t\t\t\t\n\t\t<h3>Wasserf\u00f6rderung lange Wegestrecke<\/h3><p>Lehrgangsleiter &nbsp;Mathias Schneider<br>( FF Morsbach )<\/p><\/li><li>\t\t\t\t\n\t\t<h3>Absturzsicherung<\/h3><p>Lehrgangsleiter &nbsp;Mathias Schneider<br>( FF Morsbach )<em>Im Lehrgang wird den Teilnehmer beigebracht wie und mit welchen Mitteln man sich im Einsatz gegen einen Absturz sichert oder man sicher Steile Abh\u00e4nge runter kommt.<\/em><\/p><\/li><li>\t\t\t\t\n\t\t<h3>Ger\u00e4tewart<\/h3><p>Lehrgangsleiter &nbsp;Steve Gr\u00fcnwald<br>( FF Engelskirchen )<em>Ziel der Ausbildung ist die Bef\u00e4higung zur Wartung, Instandsetzung, Pflege und Pr\u00fcfung der Beladung von Feuerwehrfahrzeugen und der pers\u00f6nlichen Ausr\u00fcstung, soweit dies nicht in anderen Lehrg\u00e4ngen vermittelt wird, sowie zur Durchf\u00fchrung einfacher Wartungs- und Pflegearbeiten an Feuerwehrfahrzeugen.<\/em><\/p><\/li><li>\t\t\t\t\n\t\t<h3>Ger\u00e4tewart (Fortbildung)<\/h3><p>Lehrgangsleiter &nbsp;Steve Gr\u00fcnwald<br>( FF Engelskirchen )<em>Das bereits erlernte Wissen im Ger\u00e4tewart Lehrgang wird nochmal Aufgefrischt und Vertieft.<\/em><\/p><\/li><li>\t\t\t\t\n\t\t<h3>Truppf\u00fchrer<\/h3><p>Lehrgangsleiter &nbsp;Patrick Gelbach\/ Volker Nosek<br>( FF Marienheide\/ FF Morsbach )<em>W\u00e4hrend des Lehrgangs erlangen die Teilnehmer die F\u00e4higkeiten einen Trupp innerhalb der Gruppe (1\/8) oder einer Staffel (1\/5) zu f\u00fchren. Dieser Lehrgang beinhaltet neben der praktischen Ausbildung auch Themen wie Rechtsgrundlagen, Brandsicherheitswache und Verhalten bei Gefahren.<\/em><\/p><\/li><li>\t\t\t\t\n\t\t<h3>Technische Hilfe<\/h3><p>Lehrgangsleiter &nbsp;Michael Meckbach\/ Dominik Olbrisch<br>( FF Lindlar\/ FF Engelskirchen)<em>W\u00e4hrend der Ausbildung wird die richtige Handhabung und der Einsatz von schweren technischem Ger\u00e4t ge\u00fcbt. Dieses beinhaltet nicht nur Schere und Spreizer , auch Hebewerkzeuge werden vorgenommen. Die Verletzten orientierte Rettung in Verbindung mit dem Rettungsdienst steht im Vordergrund.<\/em><\/p><\/li><li>\t\t\t\t\n\t\t<h3>Motorkettens\u00e4gen<\/h3><p>Lehrgangsleiter &nbsp;Oliver Klein<br>( FF Morsbach )<em>Im laufe des Lehrgangs wird den Teilnehmern theoretisch sowie praktisch beigebracht, worauf man beim Einsatz der Motors\u00e4ge zu achten hat. Wer diesen Lehrgang mit Erfolg besteht, darf dann eine Motors\u00e4ge im Einsatz bzw. \u00dcbungsdienst bedienen.<\/em><\/p><\/li><li>\t\t\t\t\n\t\t<h3>FIII Vorbereitung<\/h3><p>Lehrgangsleiter &nbsp;Michael Stricker<br>( FF Bergneustadt )<em>Die angehenden Gruppenf\u00fchrer werden auf den 2-W\u00f6chigen Lehrgang am IDF vorbereitet. Neben Gesetzlichen Grundlagen lernen sie hier auch im Planspiel worauf ein Gruppenf\u00fchrer alles zu achten hat.<\/em><\/p><\/li><li>\t\t\t\t\n\t\t<h3>Deichbau<\/h3><p>Lehrgangsleiter &nbsp;THW<br>( THW Ortsverein Gummersbach)<em>Dieser Lehrgang wird in Kooperation mit dem THW durchgef\u00fchrt.<\/em><\/p><\/li>\t<\/ul>\n\t\t\t\t<img loading=\"lazy\" decoding=\"async\" src=\"https:\/\/www.kreisfeuerwehrverband-oberberg.de\/wp-content\/uploads\/2017\/08\/Lehrgang_large.jpg\" alt=\"Lehrgang_large\" itemprop=\"image\" width=\"480\" height=\"2559\">\n","protected":false},"excerpt":{"rendered":"<p>Nach der Grundausbildung auf Gemeindeebene ,sowie dem Sprechfunker- Lehrgang&nbsp;beginnt die Fortbildung auf Kreisebene. Neben dem ersten F\u00fchrungs-Lehrgang im Feuerwehrdienst, bieten wir diverse Fachlehrg\u00e4nge an. Zu jedem Lehrgang gibt es einen Lehrgangsleiter, welcher von einem Team Ausbildern unterst\u00fctzt wird. Jeder Lehrgang&hellip; <\/p>\n","protected":false},"author":3,"featured_media":0,"parent":0,"menu_order":0,"comment_status":"closed","ping_status":"closed","template":"","meta":{"footnotes":""},"class_list":["post-212","page","type-page","status-publish","hentry"],"_links":{"self":[{"href":"https:\/\/www.kreisfeuerwehrverband-oberberg.de\/index.php?rest_route=\/wp\/v2\/pages\/212","targetHints":{"allow":["GET"]}}],"collection":[{"href":"https:\/\/www.kreisfeuerwehrverband-oberberg.de\/index.php?rest_route=\/wp\/v2\/pages"}],"about":[{"href":"https:\/\/www.kreisfeuerwehrverband-oberberg.de\/index.php?rest_route=\/wp\/v2\/types\/page"}],"author":[{"embeddable":true,"href":"https:\/\/www.kreisfeuerwehrverband-oberberg.de\/index.php?rest_route=\/wp\/v2\/users\/3"}],"replies":[{"embeddable":true,"href":"https:\/\/www.kreisfeuerwehrverband-oberberg.de\/index.php?rest_route=%2Fwp%2Fv2%2Fcomments&post=212"}],"version-history":[{"count":13,"href":"https:\/\/www.kreisfeuerwehrverband-oberberg.de\/index.php?rest_route=\/wp\/v2\/pages\/212\/revisions"}],"predecessor-version":[{"id":1734,"href":"https:\/\/www.kreisfeuerwehrverband-oberberg.de\/index.php?rest_route=\/wp\/v2\/pages\/212\/revisions\/1734"}],"wp:attachment":[{"href":"https:\/\/www.kreisfeuerwehrverband-oberberg.de\/index.php?rest_route=%2Fwp%2Fv2%2Fmedia&parent=212"}],"curies":[{"name":"wp","href":"https:\/\/api.w.org\/{rel}","templated":true}]}}