{"id":428,"date":"2017-09-24T07:04:49","date_gmt":"2017-09-24T07:04:49","guid":{"rendered":"http:\/\/www.kreisfeuerwehrverband-oberberg.de\/?page_id=428"},"modified":"2018-11-13T23:58:02","modified_gmt":"2018-11-13T23:58:02","slug":"einsatzkomponente-iuk-einheit","status":"publish","type":"page","link":"https:\/\/www.kreisfeuerwehrverband-oberberg.de\/?page_id=428","title":{"rendered":"Einsatzkomponente &#8211; IuK Einheit"},"content":{"rendered":"<p align=\"left\">IUK ist die Abk\u00fcrzung f\u00fcr &#8220;Information und Kommunikation&#8221; an der Einsatzstelle. Gerade bei gr\u00f6\u00dferen Eins\u00e4tzen kann die Mannschaft und das ben\u00f6tigte Fahrzeug durch den Einsatzleiter angefordert werden.<\/p>\n<p align=\"left\">Im Einsatzfall unterst\u00fctzen die Kollegen die bereits vor Ort t\u00e4tige Feuerwehr. Das Aufgabengebiet kann sehr vielseitig sein. Sei es die Kommunikation zwischen der Einsatzstelle und der Leitstelle des OBK oder auch die Lagedarstellung an einer Zeichnung. Die Arbeiten werden durch den Einsatzleiter festgelegt.<\/p>\n<p align=\"left\">F\u00fcr diese Arbeiten gibt es im Kreis einen sogenannten Einsatzleitwagen 2 ( ELW 2) in dem es auch einen Besprechungsraum gibt. Dieses Fahrzeug ist stationiert bei der Freiwilligen Feuerwehr Bergneustadt und wird von einem ebenfalls dort stationierten Ger\u00e4tewagen IuK unterst\u00fctzt. Die zum Betrieb notwendigen Kr\u00e4fte werden ebenfalls durch die FW Bergneustadt gestellt.<\/p>\n<p align=\"left\">\n<p align=\"left\">Neben der reinen Kommunikation zwischen Einsatzstelle und Leitstelle unterst\u00fctzen die Kollegen im Bedarfsfall den Krisenstab des Kreises, beispielsweise bei der Nachweisung.<\/p>\n<p align=\"left\">Auf den folgenden Bildern sieht man den ELW2:<\/p>\n<p>\t\t\t\t\t\t    \t\t\t\t\t\t\t\t\t\t\t\t<img decoding=\"async\" src=\"https:\/\/www.kreisfeuerwehrverband-oberberg.de\/wp-content\/uploads\/2017\/09\/001.jpg\" ><br \/>\n\t\t\t\t\t\t    \t\t\t\t\t\t\t\t\t\t\t\t<img decoding=\"async\" src=\"https:\/\/www.kreisfeuerwehrverband-oberberg.de\/wp-content\/uploads\/2017\/09\/002.jpg\" ><br \/>\n\t\t\t\t\t\t    \t\t\t\t\t\t\t\t\t\t\t\t<img decoding=\"async\" src=\"https:\/\/www.kreisfeuerwehrverband-oberberg.de\/wp-content\/uploads\/2017\/09\/004.jpg\" ><br \/>\n\t\t\t\t\t\t    \t\t\t\t\t\t\t\t\t\t\t\t<img decoding=\"async\" src=\"https:\/\/www.kreisfeuerwehrverband-oberberg.de\/wp-content\/uploads\/2017\/09\/003.jpg\" ><br \/>\n\t\t\t\t\t\t\t\t\t<!--bxslider--><br \/>\n\t\t\t\t\t<!--njba-slider-body--><br \/>\n\t<!--njba-slider-main--><\/p>\n","protected":false},"excerpt":{"rendered":"<p>IUK ist die Abk\u00fcrzung f\u00fcr &#8220;Information und Kommunikation&#8221; an der Einsatzstelle. Gerade bei gr\u00f6\u00dferen Eins\u00e4tzen kann die Mannschaft und das ben\u00f6tigte Fahrzeug durch den Einsatzleiter angefordert werden. Im Einsatzfall unterst\u00fctzen die Kollegen die bereits vor Ort t\u00e4tige Feuerwehr. Das Aufgabengebiet&hellip; <\/p>\n","protected":false},"author":3,"featured_media":0,"parent":0,"menu_order":0,"comment_status":"closed","ping_status":"closed","template":"","meta":{"footnotes":""},"class_list":["post-428","page","type-page","status-publish","hentry"],"_links":{"self":[{"href":"https:\/\/www.kreisfeuerwehrverband-oberberg.de\/index.php?rest_route=\/wp\/v2\/pages\/428","targetHints":{"allow":["GET"]}}],"collection":[{"href":"https:\/\/www.kreisfeuerwehrverband-oberberg.de\/index.php?rest_route=\/wp\/v2\/pages"}],"about":[{"href":"https:\/\/www.kreisfeuerwehrverband-oberberg.de\/index.php?rest_route=\/wp\/v2\/types\/page"}],"author":[{"embeddable":true,"href":"https:\/\/www.kreisfeuerwehrverband-oberberg.de\/index.php?rest_route=\/wp\/v2\/users\/3"}],"replies":[{"embeddable":true,"href":"https:\/\/www.kreisfeuerwehrverband-oberberg.de\/index.php?rest_route=%2Fwp%2Fv2%2Fcomments&post=428"}],"version-history":[{"count":7,"href":"https:\/\/www.kreisfeuerwehrverband-oberberg.de\/index.php?rest_route=\/wp\/v2\/pages\/428\/revisions"}],"predecessor-version":[{"id":970,"href":"https:\/\/www.kreisfeuerwehrverband-oberberg.de\/index.php?rest_route=\/wp\/v2\/pages\/428\/revisions\/970"}],"wp:attachment":[{"href":"https:\/\/www.kreisfeuerwehrverband-oberberg.de\/index.php?rest_route=%2Fwp%2Fv2%2Fmedia&parent=428"}],"curies":[{"name":"wp","href":"https:\/\/api.w.org\/{rel}","templated":true}]}}

<p align="left">IUK ist die Abkürzung für &#8220;Information und Kommunikation&#8221; an der Einsatzstelle. Gerade bei größeren Einsätzen kann die Mannschaft und das benötigte Fahrzeug durch den Einsatzleiter angefordert werden.</p>
<p align="left">Im Einsatzfall unterstützen die Kollegen die bereits vor Ort tätige Feuerwehr. Das Aufgabengebiet kann sehr vielseitig sein. Sei es die Kommunikation zwischen der Einsatzstelle und der Leitstelle des OBK oder auch die Lagedarstellung an einer Zeichnung. Die Arbeiten werden durch den Einsatzleiter festgelegt.</p>
<p align="left">Für diese Arbeiten gibt es im Kreis einen sogenannten Einsatzleitwagen 2 ( ELW 2) in dem es auch einen Besprechungsraum gibt. Dieses Fahrzeug ist stationiert bei der Freiwilligen Feuerwehr Bergneustadt und wird von einem ebenfalls dort stationierten Gerätewagen IuK unterstützt. Die zum Betrieb notwendigen Kräfte werden ebenfalls durch die FW Bergneustadt gestellt.</p>
<p align="left">
<p align="left">Neben der reinen Kommunikation zwischen Einsatzstelle und Leitstelle unterstützen die Kollegen im Bedarfsfall den Krisenstab des Kreises, beispielsweise bei der Nachweisung.</p>
<p align="left">Auf den folgenden Bildern sieht man den ELW2:</p>
<p>						    												<img decoding="async" src="https://www.kreisfeuerwehrverband-oberberg.de/wp-content/uploads/2017/09/001.jpg" ><br />
						    												<img decoding="async" src="https://www.kreisfeuerwehrverband-oberberg.de/wp-content/uploads/2017/09/002.jpg" ><br />
						    												<img decoding="async" src="https://www.kreisfeuerwehrverband-oberberg.de/wp-content/uploads/2017/09/004.jpg" ><br />
						    												<img decoding="async" src="https://www.kreisfeuerwehrverband-oberberg.de/wp-content/uploads/2017/09/003.jpg" ><br />
									<!--bxslider--><br />
					<!--njba-slider-body--><br />
	<!--njba-slider-main--></p>

<p>IUK ist die Abkürzung für &#8220;Information und Kommunikation&#8221; an der Einsatzstelle. Gerade bei größeren Einsätzen kann die Mannschaft und das benötigte Fahrzeug durch den Einsatzleiter angefordert werden. Im Einsatzfall unterstützen die Kollegen die bereits vor Ort tätige Feuerwehr. Das Aufgabengebiet&hellip; </p>
