{"id":453,"date":"2017-09-24T18:02:20","date_gmt":"2017-09-24T18:02:20","guid":{"rendered":"http:\/\/www.kreisfeuerwehrverband-oberberg.de\/?page_id=453"},"modified":"2021-06-01T10:18:19","modified_gmt":"2021-06-01T10:18:19","slug":"kinderfeuerwehr","status":"publish","type":"page","link":"https:\/\/www.kreisfeuerwehrverband-oberberg.de\/?page_id=453","title":{"rendered":"Kinderfeuerwehr"},"content":{"rendered":"\n\t<p>Kinderfeuerwehren bieten M\u00e4dchen und Jungen die M\u00f6glichkeit sich spielerisch mit dem Thema &#8220;Brandschutz&#8221; auseinanderzusetzen und nat\u00fcrlich viel Spa\u00df rund um das Thema Feuerwehr.<\/p>\n<p>Seit dem Inkrafttreten des Gesetzes \u00fcber den Brandschutz, die Hilfeleistung und den Katastrophenschutz (BHKG) im Januar 2016, ist es in NRW m\u00f6glich, Kinder ab sechs Jahren in die Kinderfeuerwehr aufzunehmen. Neu ist auch, dass die Betreuer kein Mitglied der Einsatzabteilung sein m\u00fcssen. Der Versicherungsschutz \u00fcber die Unfallkasse NRW ist, dank BHKG, f\u00fcr alle Mitglieder sowie die Betreuer der Kinderfeuerwehren gew\u00e4hrleistet.<\/p>\n<p>Zum 1. Juni 2017 gibt es in Nordrhein-Westfalen 50 Kinderfeuerwehren mit \u00fcber 1000 M\u00e4dchen und Jugen sowie rund 300 Betreuerinnen und Betreuern.<\/p>\n<p>Es freut uns das es zur Zeit 7 Kinderfeuerwehren im Oberbergischen Kreis gibt. Die Ansprechpartner der jeweiligen Kinderfeuerwehr finden sie weiter unten.<\/p>\n\t<p>In den Kommunen Bergneustadt, Engelskirchen, H\u00fcckeswagen, Lindlar, Marienheide, Radevormwald und Reichshof gibt es Kinderfeuerwehren. Dort werden die Kinder ab 6 Jahre spielerisch an die Feuerwehr herangef\u00fchrt. Neben dem eigentlichen \u00dcbungsdienst, stehen nat\u00fcrlich auch andere Freizeitaktivit\u00e4ten auf dem Dienstplan. Sei es das basteln von Laternen oder das gemeinsame Backen von Pl\u00e4tzchen zur Weihnachtszeit. Dort lernen die Kinder die ersten Schritte in der Feuerwehr.<\/p>\n\t\t\t\t<img loading=\"lazy\" decoding=\"async\" src=\"https:\/\/www.kreisfeuerwehrverband-oberberg.de\/wp-content\/uploads\/2017\/09\/Weltkindertag.jpg\" alt=\"Weltkindertag\" itemprop=\"image\" height=\"540\" width=\"450\" title=\"Weltkindertag\" onerror=\"this.style.display='none'\"  \/>\n\t<h4>Ansprechpartner der Kinderfeuerwehren im Oberbergischen Kreis<\/h4>\n<p>&nbsp;<\/p>\n\t\t\t\t\t                        <img decoding=\"async\" src=\"https:\/\/www.kreisfeuerwehrverband-oberberg.de\/wp-content\/uploads\/2017\/07\/Bergneustadt.jpg\">\n\t\t\t\t<h3>Kinderfeuerwehr Bergneustadt<\/h3>\t\t\t\t<p><strong>Ansprechpartner:<\/strong>OBM Jan Rothkamm<a href=\"https:\/\/www.kreisfeuerwehrverband-oberberg.de\/?page_id=762\"><img decoding=\"async\" src=\"https:\/\/www.kreisfeuerwehrverband-oberberg.de\/wp-content\/uploads\/2017\/07\/eMail.jpg\" \/><\/a><\/p>            \n\t\t\t\t\t                        <img decoding=\"async\" src=\"https:\/\/www.kreisfeuerwehrverband-oberberg.de\/wp-content\/uploads\/2017\/07\/Engelskirchen.jpg\">\n\t\t\t\t<h3>Kinderfeuerwehr Engelskirchen<\/h3>\t\t\t\t<p><strong>Ansprechpartner:<\/strong>BM Carsten Metzler<a href=\"https:\/\/www.kreisfeuerwehrverband-oberberg.de\/?page_id=877\"><img decoding=\"async\" src=\"https:\/\/www.kreisfeuerwehrverband-oberberg.de\/wp-content\/uploads\/2017\/07\/eMail.jpg\" \/><\/a><\/p>            \n\t\t\t\t\t                        <img decoding=\"async\" src=\"https:\/\/www.kreisfeuerwehrverband-oberberg.de\/wp-content\/uploads\/2017\/07\/H\u00fcckeswagen.jpg\">\n\t\t\t\t<h3>Kinderfeuerwehr H\u00fcckeswagen<\/h3>\t\t\t\t<p><strong>Ansprechpartner:<\/strong>Jana K\u00fcster<a href=\"https:\/\/www.kreisfeuerwehrverband-oberberg.de\/?page_id=2150\"><img loading=\"lazy\" decoding=\"async\" src=\"https:\/\/www.kreisfeuerwehrverband-oberberg.de\/wp-content\/uploads\/2017\/07\/eMail.jpg\" alt=\"\" width=\"47\" height=\"70\" \/><\/a><\/p>            \n\t\t\t\t\t                        <img decoding=\"async\" src=\"https:\/\/www.kreisfeuerwehrverband-oberberg.de\/wp-content\/uploads\/2017\/07\/Lindlar.jpg\">\n\t\t\t\t<h3>Kinderfeuerwehr Lindlar<\/h3>\t\t\t\t<p><strong>Ansprechpartner:<\/strong>Axel Richerzhagen<a href=\"https:\/\/www.kreisfeuerwehrverband-oberberg.de\/?page_id=2152\"><img loading=\"lazy\" decoding=\"async\" src=\"https:\/\/www.kreisfeuerwehrverband-oberberg.de\/wp-content\/uploads\/2017\/07\/eMail.jpg\" alt=\"\" width=\"47\" height=\"70\" \/><\/a><\/p>            \n\t\t\t\t\t                        <img decoding=\"async\" src=\"https:\/\/www.kreisfeuerwehrverband-oberberg.de\/wp-content\/uploads\/2017\/07\/Marienheide.jpg\">\n\t\t\t\t<h3>Kinderfeuerwehr Marienheide<\/h3>\t\t\t\t<p><strong>Ansprechpartner:<\/strong>OFF Vanessa Hund<a href=\"https:\/\/www.kreisfeuerwehrverband-oberberg.de\/?page_id=852\"><img decoding=\"async\" src=\"https:\/\/www.kreisfeuerwehrverband-oberberg.de\/wp-content\/uploads\/2017\/07\/eMail.jpg\" \/><\/a><\/p>            \n\t\t\t\t\t                        <img decoding=\"async\" src=\"https:\/\/www.kreisfeuerwehrverband-oberberg.de\/wp-content\/uploads\/2017\/07\/radevormwald.jpg\">\n\t\t\t\t<h3>Kinderfeuerwehr Radevormwald<\/h3>\t\t\t\t<p><strong>Ansprechpartner:<\/strong>UBM Jonas Stracke<a href=\"https:\/\/www.kreisfeuerwehrverband-oberberg.de\/?page_id=804\"><img decoding=\"async\" src=\"https:\/\/www.kreisfeuerwehrverband-oberberg.de\/wp-content\/uploads\/2017\/07\/eMail.jpg\" \/><\/a><\/p>            \n\t\t\t\t\t                        <img decoding=\"async\" src=\"https:\/\/www.kreisfeuerwehrverband-oberberg.de\/wp-content\/uploads\/2017\/07\/Reichshof.jpg\">\n\t\t\t\t<h3>Kinderfeuerwehr Reichshof<\/h3>\t\t\t\t<p><strong>Ansprechpartner:<\/strong>HBM Maik Bourbones<a href=\"https:\/\/www.kreisfeuerwehrverband-oberberg.de\/?page_id=807\"><img decoding=\"async\" src=\"https:\/\/www.kreisfeuerwehrverband-oberberg.de\/wp-content\/uploads\/2017\/07\/eMail.jpg\" \/><\/a><\/p>            \n","protected":false},"excerpt":{"rendered":"<p>Kinderfeuerwehren bieten M\u00e4dchen und Jungen die M\u00f6glichkeit sich spielerisch mit dem Thema &#8220;Brandschutz&#8221; auseinanderzusetzen und nat\u00fcrlich viel Spa\u00df rund um das Thema Feuerwehr. Seit dem Inkrafttreten des Gesetzes \u00fcber den Brandschutz, die Hilfeleistung und den Katastrophenschutz (BHKG) im Januar 2016,&hellip; <\/p>\n","protected":false},"author":3,"featured_media":0,"parent":0,"menu_order":0,"comment_status":"closed","ping_status":"closed","template":"","meta":{"footnotes":""},"class_list":["post-453","page","type-page","status-publish","hentry"],"_links":{"self":[{"href":"https:\/\/www.kreisfeuerwehrverband-oberberg.de\/index.php?rest_route=\/wp\/v2\/pages\/453","targetHints":{"allow":["GET"]}}],"collection":[{"href":"https:\/\/www.kreisfeuerwehrverband-oberberg.de\/index.php?rest_route=\/wp\/v2\/pages"}],"about":[{"href":"https:\/\/www.kreisfeuerwehrverband-oberberg.de\/index.php?rest_route=\/wp\/v2\/types\/page"}],"author":[{"embeddable":true,"href":"https:\/\/www.kreisfeuerwehrverband-oberberg.de\/index.php?rest_route=\/wp\/v2\/users\/3"}],"replies":[{"embeddable":true,"href":"https:\/\/www.kreisfeuerwehrverband-oberberg.de\/index.php?rest_route=%2Fwp%2Fv2%2Fcomments&post=453"}],"version-history":[{"count":22,"href":"https:\/\/www.kreisfeuerwehrverband-oberberg.de\/index.php?rest_route=\/wp\/v2\/pages\/453\/revisions"}],"predecessor-version":[{"id":2164,"href":"https:\/\/www.kreisfeuerwehrverband-oberberg.de\/index.php?rest_route=\/wp\/v2\/pages\/453\/revisions\/2164"}],"wp:attachment":[{"href":"https:\/\/www.kreisfeuerwehrverband-oberberg.de\/index.php?rest_route=%2Fwp%2Fv2%2Fmedia&parent=453"}],"curies":[{"name":"wp","href":"https:\/\/api.w.org\/{rel}","templated":true}]}}